
{"id":166,"date":"2024-04-18T09:23:21","date_gmt":"2024-04-18T07:23:21","guid":{"rendered":"https:\/\/przedszkole59.edu.wroclaw.pl\/?page_id=166"},"modified":"2026-01-18T22:02:54","modified_gmt":"2026-01-18T21:02:54","slug":"deklaracjadostepnosci","status":"publish","type":"page","link":"https:\/\/przedszkole59.edu.wroclaw.pl\/index.php\/deklaracjadostepnosci\/","title":{"rendered":"Deklaracja dost\u0119pno\u015bci"},"content":{"rendered":"<div class=\"wpb-content-wrapper\"><p>[vc_row][vc_column width=&#8221;3\/4&#8243;][vc_empty_space height=&#8221;20px&#8221;][vc_column_text]<\/p>\n<h2 id=\"a11y-deklaracja\"><span style=\"font-size: 36px\">Deklaracja dost\u0119pno\u015bci Przedszkole nr <strong>59<\/strong><\/span><\/h2>\n<p>[\/vc_column_text][\/vc_column][vc_column width=&#8221;1\/4&#8243;][vc_icon icon_fontawesome=&#8221;fa fa-brands fa-accessible-icon&#8221; color=&#8221;mulled_wine&#8221; background_style=&#8221;rounded-outline&#8221; background_color=&#8221;custom&#8221; size=&#8221;xl&#8221; align=&#8221;center&#8221; css=&#8221;&#8221; custom_background_color=&#8221;#3b6a94&#8243; link=&#8221;url:https%3A%2F%2Fprzedszkole59.edu.wroclaw.pl%2Fwp-content%2Fuploads%2Fsites%2F83%2F2026%2F01%2FRaport_o_stanie_zapewnienia_dostepnosci_podmiotu_publicznego_2026.pdf|title:Raport%20dost%C4%99pno%C5%9Bci|target:_blank&#8221;][vc_column_text css=&#8221;.vc_custom_1713426831757{margin-top: -40px !important;}&#8221;]<\/p>\n<h3 style=\"text-align: center\">Raport dost\u0119pno\u015bci<\/h3>\n<p>[\/vc_column_text][\/vc_column][\/vc_row][vc_row][vc_column][vc_column_text css=&#8221;&#8221;]<\/p>\n<p id=\"a11y-wstep\"><span style=\"font-size: 14pt\"><span id=\"a11y-podmiot\">Przedszkole nr 59 &#8222;U Krasnala pod Narcyzem&#8221; we Wroc\u0142awiu<\/span> zobowi\u0105zuje si\u0119 zapewni\u0107 dost\u0119pno\u015b\u0107 swojej strony internetowej zgodnie z przepisami ustawy z dnia 4\u00a0kwietnia 2019\u00a0r. o\u00a0dost\u0119pno\u015bci cyfrowej stron internetowych i\u00a0aplikacji mobilnych podmiot\u00f3w publicznych. O\u015bwiadczenie w sprawie dost\u0119pno\u015bci ma zastosowanie do strony internetowej <a id=\"a11y-url\" href=\"http:\/\/przedszkole59.edu.wroclaw.pl\">przedszkole59.edu.wroclaw.pl<\/a><\/span><\/p>\n<ul>\n<li><span style=\"font-size: 14pt\"><span style=\"font-size: 14pt\">Data publikacji strony internetowej: <time id=\"a11y-data-publikacja\" datetime=\"2020-04-30\">2020-04-30<\/time><\/span><\/span><\/li>\n<li><span style=\"font-size: 14pt\"><span style=\"font-size: 14pt\">Data ostatniej istotnej aktualizacji: <time id=\"a11y-data-aktualizacja\" datetime=\"2024-04-02\">2026-01-18<\/time><\/span><\/span><\/li>\n<\/ul>\n<h2><span style=\"font-size: 36px\">Status pod wzgl\u0119dem zgodno\u015bci z ustaw\u0105<\/span><\/h2>\n<p><span style=\"font-size: 14pt\">Strona internetowa jest <strong id=\"a11y-status\">cz\u0119\u015bciowo zgodna<\/strong> z\u00a0ustaw\u0105 o\u00a0dost\u0119pno\u015bci cyfrowej stron internetowych i\u00a0aplikacji mobilnych podmiot\u00f3w publicznych z powodu niezgodno\u015bci lub wy\u0142\u0105cze\u0144 wymienionych poni\u017cej.<\/span><\/p>\n<h3><span style=\"font-size: 24px\">Tre\u015bci niedost\u0119pne<\/span><\/h3>\n<ul>\n<li>brak cz\u0119\u015bci opis\u00f3w alternatywnych i tytu\u0142\u00f3w dla cz\u0119\u015bci zdj\u0119\u0107 i obrazk\u00f3w;<\/li>\n<li>cz\u0119\u015b\u0107 dokument\u00f3w PDF posiada b\u0142\u0119dy w warstwie tekstowej (po skanowaniu OCR)<\/li>\n<li>dokumenty PDF nie s\u0105 poprawnie odczytywane przez programy dla os\u00f3b niewidz\u0105cych (np. nieprawid\u0142owo przygotowane tabele, wykresy, obrazki, brak sekcji nawigacyjnych, tytu\u0142u itp.);<\/li>\n<li>brak audiodeskrypcji dla materia\u0142\u00f3w multimedialnych.<\/li>\n<li>niekt\u00f3re funkcjonalno\u015bci posiadaj\u0105 drobne b\u0142\u0119dy programistyczne, na obecn\u0105 chwil\u0119, niemo\u017cliwe do poprawy bez zewn\u0119trznej ingerencji programistycznej<\/li>\n<\/ul>\n<h3><span style=\"font-size: 24px\">Przygotowanie deklaracji w sprawie dost\u0119pno\u015bci<\/span><\/h3>\n<ul>\n<li><span style=\"font-size: 14pt\"><span style=\"font-size: 14pt\">Deklaracj\u0119 sporz\u0105dzono dnia: <time id=\"a11y-data-sporzadzenie\" datetime=\"2021-01-01\">2021-01-01<\/time><\/span><\/span><\/li>\n<li><span style=\"font-size: 14pt\">Deklaracj\u0119 sporz\u0105dzono na podstawie samooceny<\/span><\/li>\n<li><span style=\"font-size: 14pt\">Data ostatniego przegl\u0105du deklaracji: 18.01.2026<\/span><\/li>\n<\/ul>\n<h2 id=\"a11y-kontakt\"><span style=\"font-size: 36px\">Informacje zwrotne i dane kontaktowe<\/span><\/h2>\n<ul>\n<li><span style=\"font-size: 14pt\">Za rozpatrywanie uwag i wniosk\u00f3w odpowiada: Agnieszka Krzemianowska<br \/>\n<\/span><\/li>\n<li><span style=\"font-size: 14pt\">E-mail: sekretariat.p059@wroclawskaedukacja.pl<br \/>\n<\/span><\/li>\n<li><span style=\"font-size: 14pt\">Telefon: 71 798 68 02<br \/>\n<\/span><\/li>\n<\/ul>\n<p><span style=\"font-size: 14pt\">T\u0105 sam\u0105 drog\u0105 mo\u017cna sk\u0142ada\u0107 wnioski o udost\u0119pnienie informacji niedost\u0119pnej oraz sk\u0142ada\u0107 \u017c\u0105dania zapewnienia dost\u0119pno\u015bci<\/span><\/p>\n<p id=\"a11y-procedura\"><span style=\"font-size: 14pt\">Ka\u017cdy ma prawo:<\/span><\/p>\n<ul>\n<li><span style=\"font-size: 14pt\">zg\u0142osi\u0107 uwagi dotycz\u0105ce dost\u0119pno\u015bci cyfrowej strony lub jej elementu,<\/span><\/li>\n<li><span style=\"font-size: 14pt\">zg\u0142osi\u0107 \u017c\u0105danie zapewnienia dost\u0119pno\u015bci cyfrowej strony lub jej elementu,<\/span><\/li>\n<li><span style=\"font-size: 14pt\">wnioskowa\u0107 o udost\u0119pnienie niedost\u0119pnej informacji w innej alternatywnej formie.<\/span><\/li>\n<\/ul>\n<p><span style=\"font-size: 14pt\">\u017b\u0105danie musi zawiera\u0107:<\/span><\/p>\n<ul>\n<li><span style=\"font-size: 14pt\">dane kontaktowe osoby zg\u0142aszaj\u0105cej,<\/span><\/li>\n<li><span style=\"font-size: 14pt\">wskazanie strony lub elementu strony, kt\u00f3rej dotyczy \u017c\u0105danie,<\/span><\/li>\n<li><span style=\"font-size: 14pt\">wskazanie dogodnej formy udost\u0119pnienia informacji, je\u015bli \u017c\u0105danie dotyczy udost\u0119pnienia w formie alternatywnej informacji niedost\u0119pnej.<\/span><\/li>\n<\/ul>\n<p><span style=\"font-size: 14pt\">Rozpatrzenie zg\u0142oszenia powinno nast\u0105pi\u0107 niezw\u0142ocznie, najp\u00f3\u017aniej w ci\u0105gu 7 dni. Je\u015bli w tym terminie zapewnienie dost\u0119pno\u015bci albo zapewnienie dost\u0119pu w alternatywnej formie nie jest mo\u017cliwe, powinno nast\u0105pi\u0107 najdalej w ci\u0105gu 2 miesi\u0119cy od daty zg\u0142oszenia.<\/span><\/p>\n<h3><span style=\"font-size: 24px\">Skargi i odwo\u0142ania<\/span><\/h3>\n<p><span style=\"font-size: 14pt\">Na niedotrzymanie tych termin\u00f3w oraz na odmow\u0119 realizacji \u017c\u0105dania mo\u017cna z\u0142o\u017cy\u0107 skarg\u0119 do organu nadzoruj\u0105cego poczt\u0105 lub drog\u0105 elektroniczn\u0105 na adres:<\/span><\/p>\n<ul>\n<li><span style=\"font-size: 14pt\">Organ nadzoruj\u0105cy: Dyrektor Przedszkola nr 59 we Wroc\u0142awiu<\/span><\/li>\n<li><span style=\"font-size: 14pt\">Adres: ul. Narcyzowa 6<\/span><br \/>\n<span style=\"font-size: 14pt\">53-225 Wroc\u0142aw<\/span><\/li>\n<li><span style=\"font-size: 14pt\">E-mail: sekretariat.p059@wroclawskaedukacja.pl<br \/>\n<\/span><\/li>\n<li><span style=\"font-size: 14pt\">Telefon: <span id=\"a11y-telefon\">71 798 68 02<br \/>\n<\/span><\/span><\/li>\n<\/ul>\n<p><span style=\"font-size: 14pt\">Skarg\u0119 mo\u017cna z\u0142o\u017cy\u0107 r\u00f3wnie\u017c do <a href=\"https:\/\/www.rpo.gov.pl\/content\/jak-zglosic-sie-do-rzecznika-praw-obywatelskich\">Rzecznika Praw Obywatelskich<\/a>.<\/span><\/p>\n<h2 id=\"a11y-architektura\"><span style=\"font-size: 36px\">Dost\u0119pno\u015b\u0107 architektoniczna<\/span><\/h2>\n<p>Do budynku Przedszkola nr 59 \u201eU Krasnala pod Narcyzem\u201d mo\u017cna doj\u015b\u0107 pieszo\u00a0od\u00a0ulicy Pierwiosnkowej. Na trasie doj\u015bcia do wej\u015bcia do budynku wyst\u0119puje \u00a0przeszkoda w postaci bramy wjazdowej.Dojazd samochodem osobowym mo\u017cliwy z opcj\u0105 skorzystania z parkingu. Najbli\u017csze przystanki autobusowe znajduj\u0105 si\u0119 w odleg\u0142o\u015bci 200 metr\u00f3w: linia 125, 241 oraz A. Najbli\u017csze przystanki tramwajowe znajduj\u0105 si\u0119 w odleg\u0142o\u015bci 400 metr\u00f3w: linia\u00a04, 5 ,11 ,20.<\/p>\n<p>Przedszkole nr 59 \u201e U Krasnala pod Narcyzem\u201d mie\u015bci si\u0119 w budynku przy ulicy Narcyzowej 6 we Wroc\u0142awiu. Budynek \u00a0jest cz\u0119\u015bciowo przystosowany dla os\u00f3b niepe\u0142nosprawnych.<\/p>\n<p>Do\u00a0budynku\u00a0prowadzi\u00a0g\u0142\u00f3wne\u00a0wej\u015bcie,\u00a0jest\u00a0ono\u00a0og\u00f3lnodost\u0119pne\u00a0w\u00a0godzinach\u00a0pracy plac\u00f3wki. Budynek pi\u0119trowy. Wej\u015bcie do budynku mo\u017cliwe po pokonaniu 2 \u00a0schod\u00f3w (brak platformy). Dzwonek znajduje si\u0119 po lewej stronie na wysoko\u015bci 100 cm. Parter budynku dost\u0119pny jest dla os\u00f3b poruszaj\u0105cych si\u0119 na w\u00f3zkach inwalidzkich oraz dla rodzic\u00f3w z w\u00f3zkiem dzieci\u0119cym. Wszystkie og\u00f3lnodost\u0119pne korytarze i drzwi s\u0105 przestronne, a tak\u017ce posiadaj\u0105 odpowiedni\u0105 szeroko\u015b\u0107 zapewniaj\u0105c\u0105 swobodne poruszanie si\u0119 osobom niepe\u0142nosprawnym ruchowo. Szatnia dla dzieci posiada szerokie wej\u015bcie\u00a0 zapewniaj\u0105ce swobodne poruszanie si\u0119 osobie \u00a0na w\u00f3zku. Informacja o rozk\u0142adzie pomieszcze\u0144 w przedszkolu zapewniona jest w spos\u00f3b wizualny (plansze informacyjne).<\/p>\n<p>Pozosta\u0142e dwie sale dydaktyczne mieszcz\u0105 si\u0119 na pi\u0119trze, do kt\u00f3rych prowadz\u0105 schody ze spocznikiem. Stopnie schod\u00f3w s\u0105 proste, wyposa\u017cone w jednostronne por\u0119cze. W budynku brak windy dla os\u00f3b na w\u00f3zku inwalidzkim.\u00a0Pomieszczenia administracji\u00a0 s\u0105 oznaczone tabliczkami imiennymi zawieszonymi \u00a0na standardowej wysoko\u015bci. Brak oznacze\u0144 kontrastowych dla os\u00f3b s\u0142abowidz\u0105cych. Pomieszczenia biurowe znajduj\u0105 si\u0119: przy wej\u015bciu do przedszkola po prawej stronie oraz w g\u0142\u0119bi korytarza. Brak opis\u00f3w pomieszcze\u0144 alfabetem Braille\u2019a.<\/p>\n<h3><span style=\"font-size: 24px\">Dostosowania<\/span><\/h3>\n<p>Informacje g\u0142osowe, p\u0119tle indukcyjne, pochylnie, platformy &#8211; niedost\u0119pne.<br \/>\nPosadzki antypo\u015blizgowe \u2013 niedost\u0119pne.<br \/>\nOznaczenia kontrastowe\u00a0lub w druku powi\u0119kszonym dla os\u00f3b s\u0142abo widz\u0105cych- niedost\u0119pne.<\/p>\n<p>W przypadku niemo\u017cno\u015bci dotarcia interesanta, istnieje mo\u017cliwo\u015b\u0107 obs\u0142ugi w\u00a0dogodny dla niego spos\u00f3b<br \/>\npo uprzednim powiadomieniu i um\u00f3wieniu wizyty.\u00a0 Na wniosek mo\u017cliwo\u015b\u0107 skorzystania z t\u0142umacza j\u0119zyka migowego na miejscu lub online.<\/p>\n<p>Do budynku i wszystkich jego pomieszcze\u0144 mo\u017cna wej\u015b\u0107 z psem asystuj\u0105cym i psem przewodnikiem. Mo\u017cliwo\u015b\u0107 wej\u015bcia do budynku przedszkola \u00a0z psem asystuj\u0105cym nie zwalnia osoby niepe\u0142nosprawnej<br \/>\nz odpowiedzialno\u015bci za szkody wyrz\u0105dzone przez psa asystuj\u0105cego. Osoba niepe\u0142nosprawna nie jest zobowi\u0105zana do zak\u0142adania psu asystuj\u0105cemu kaga\u0144ca oraz prowadzenia go na smyczy.<\/p>\n<h3><span style=\"font-size: 24px\">Dost\u0119pno\u015b\u0107 t\u0142umacza j\u0119zyka migowego:<\/span><\/h3>\n<p>Dost\u0119pne po wcze\u015bniejszym um\u00f3wieniu.<\/p>\n<h3><span style=\"font-size: 24px\">Pozosta\u0142e informacje:<\/span><\/h3>\n<p>Mo\u017cliwa pomoc w pokonaniu wi\u0119kszych barier w budynku Przedszkola nr 59 \u201eU Krasnala pod Narcyzem\u201d.<br \/>\nW przypadku niemo\u017cno\u015bci dotarcia interesanta do um\u00f3wionej osoby Przedszkola, istnieje mo\u017cliwo\u015b\u0107 wyj\u015bcia pracownika do niej i obs\u0142ugi w dogodny dla niego spos\u00f3b, po uprzednim zg\u0142oszeniu takiej potrzeby<br \/>\ndo pracownika przedszkola.<\/p>\n<h3><span style=\"font-size: 24px\">Udogodnienia<\/span><\/h3>\n<ul>\n<li><span style=\"font-size: 14pt\">Domy\u015ble skr\u00f3ty klawiszowe przegl\u0105darek internetowych<\/span><\/li>\n<li><span style=\"font-size: 14pt\">Prze\u0142\u0105cznik kontrastowy<\/span><\/li>\n<\/ul>\n<p>[\/vc_column_text][\/vc_column][\/vc_row]<\/p>\n<\/div>","protected":false},"excerpt":{"rendered":"<p>[vc_row][vc_column width=&#8221;3\/4&#8243;][vc_empty_space height=&#8221;20px&#8221;][vc_column_text] Deklaracja dost\u0119pno\u015bci Przedszkole nr 59 [\/vc_column_text][\/vc_column][vc_column width=&#8221;1\/4&#8243;][vc_icon icon_fontawesome=&#8221;fa fa-brands fa-accessible-icon&#8221; color=&#8221;mulled_wine&#8221; background_style=&#8221;rounded-outline&#8221; background_color=&#8221;custom&#8221; size=&#8221;xl&#8221; align=&#8221;center&#8221; css=&#8221;&#8221; custom_background_color=&#8221;#3b6a94&#8243; link=&#8221;url:https%3A%2F%2Fprzedszkole59.edu.wroclaw.pl%2Fwp-content%2Fuploads%2Fsites%2F83%2F2026%2F01%2FRaport_o_stanie_zapewnienia_dostepnosci_podmiotu_publicznego_2026.pdf|title:Raport%20dost%C4%99pno%C5%9Bci|target:_blank&#8221;][vc_column_text css=&#8221;.vc_custom_1713426831757{margin-top: -40px !important;}&#8221;] Raport dost\u0119pno\u015bci [\/vc_column_text][\/vc_column][\/vc_row][vc_row][vc_column][vc_column_text css=&#8221;&#8221;] Przedszkole nr [&hellip;]<\/p>\n","protected":false},"author":7,"featured_media":0,"parent":0,"menu_order":0,"comment_status":"closed","ping_status":"closed","template":"","meta":{"footnotes":""},"class_list":["post-166","page","type-page","status-publish","hentry","clearfix"],"_links":{"self":[{"href":"https:\/\/przedszkole59.edu.wroclaw.pl\/index.php\/wp-json\/wp\/v2\/pages\/166","targetHints":{"allow":["GET"]}}],"collection":[{"href":"https:\/\/przedszkole59.edu.wroclaw.pl\/index.php\/wp-json\/wp\/v2\/pages"}],"about":[{"href":"https:\/\/przedszkole59.edu.wroclaw.pl\/index.php\/wp-json\/wp\/v2\/types\/page"}],"author":[{"embeddable":true,"href":"https:\/\/przedszkole59.edu.wroclaw.pl\/index.php\/wp-json\/wp\/v2\/users\/7"}],"replies":[{"embeddable":true,"href":"https:\/\/przedszkole59.edu.wroclaw.pl\/index.php\/wp-json\/wp\/v2\/comments?post=166"}],"version-history":[{"count":11,"href":"https:\/\/przedszkole59.edu.wroclaw.pl\/index.php\/wp-json\/wp\/v2\/pages\/166\/revisions"}],"predecessor-version":[{"id":6374,"href":"https:\/\/przedszkole59.edu.wroclaw.pl\/index.php\/wp-json\/wp\/v2\/pages\/166\/revisions\/6374"}],"wp:attachment":[{"href":"https:\/\/przedszkole59.edu.wroclaw.pl\/index.php\/wp-json\/wp\/v2\/media?parent=166"}],"curies":[{"name":"wp","href":"https:\/\/api.w.org\/{rel}","templated":true}]}}